culate 10 - (-36 - -33 - (-3 - (-9 - -2))).
17
What is the value of -3 + 0 + -14 + 6?
-11
-44 - (-56 + 14) - 14
-16
Calculate 18 + -1 - (-11 + 23 + 8 + -11).
8
Evaluate (-29 + 11 + 9 - -10) + 0 + -7.
-6
What is -9 + (1 + 21 - 1) + -8?
4
-2 + 5 + -2 + 5 + -5
1
What is 7 - (6 + 2) - 8 - -1?
-8
What is the value of -20 + -2 + (87 - 74)?
-9
Evaluate -1 + 12 + (699 - 694).
16
-16 + (3 - -2) + 20
9
What is 1 + (30 - (9 - 2))?
24
568 + -552 + -1 + 0 + -3
12
What is -9 + 4 + -14 + 15?
-4
What is -2 - -20 - 14 - (0 - -2)?
2
What is 6 - (13 - (37 - 14) - (1 - 24))?
-7
What is 0 - ((-2 + 4 - -5) + -10)?
3
(13 - (5 + -10)) + (4 - 1)
21
Calculate -18 + 45 - (-2 + 23).
6
Evaluate (6 - (-5 - (-1 + 4))) + -1.
13
-7 + 11 + 5 + 2 + -13 - -15
13
What is the value of (-24 - -7) + 6 + 20 - 28?
-19
What is the value of (-5 - (-7 + -10 + 4)) + 0?
8
Calculate (-6 - 0) + 2 + (-38 - (-15 - 19)).
-8
What is 0 + -9 - (-23 - (4 - 18))?
0
18 - (26 - -3) - (-18 + 1)
6
-3 + 9 + 0 + (-3 - (8 + 6))
-11
Evaluate -28 + -2 - (608 + -612).
-26
Evaluate 1 + 13 + -9 - (8 + 1 + -11).
7
What is -7 - (122 + -125 + (1 - -7))?
-12
20 - ((5 - -2 - 1) + -3 + 5)
12
-7 - -23 - 48 - -15
-17
Calculate -8 + (-13 - (9 - 24)).
-6
What is (-13 - -19) + (113 - 82)?
37
What is (-18 - (9 - 22)) + 11?
6
Evaluate -36 + 14 - -11 - (-5 - 7).
1
Evaluate 5 + (-75 - (-23 + -13)).
-34
What is the value of -6 - -7 - (10 + (-5 - 4))?
0
What is 37 + (-63 - -3) + 37?
14
-1 - (5 - ((-11 + 4 - -23) + 1))
11
What is the value of -19 + 26 - (2 - -3)?
2
Evaluate -20 - -1 - (-422 - -410).
-7
Calculate -22 - 5 - (-15 + (24 - 11)).
-25
What is the value of 12 + -3 + -2 - (1 + (0 - -13))?
-7
5 + (0 - 28) + 18 - -14
9
What is the value of 2 + 1 + 0 + -8 + -123 + 130?
2
Calculate (104 - 119) + 57 + -1 + -11.
30
What is the value of (9 + -1 + -1 - 8) + 5 - 2?
2
What is -11 + (-14 - (-10 + -9))?
-6
What is the value of -12 - (-22 - (10 + -30))?
-10
What is (11 - 9) + (5 + -3 + -2 - -5)?
7
Evaluate 15 + (0 - 1) + -2 + -29.
-17
Evaluate 9 - ((18 - 13) + 10).
-6
Evaluate (-58 - (-36 + 37)) + 34.
-25
Calculate (18 - (-6 + 19)) + 20 + -2.
23
What is -17 - (0 + (-61 - -29))?
15
Evaluate 1 + 14 - (12 + -22 - -36).
-11
0 + 3 - (-20 - (-112 + 90))
1
35 - (26 - 4) - 21
-8
9 + 1 - (21 - 11)
0
What is 0 + (-10 - -5 - 6)?
-11
What is the value of 7 + (-20 - -10) + -4 - (14 - 8)?
-13
-4 - (-5 + -26 + (1 - -7) - 1)
20
(1 - 7) + (-194 - -191)
-9
What is -1 + 8 + -20 + 13?
0
What is the value of (14 - -3) + -8 + 18 + -10?
17
Evaluate 20 + (-15 - 1) - (-4 + -2).
10
Calculate 6 - (3 + -4) - (6 + 13).
-12
What is 26 + -33 - (2 - (3 + -2 + 1))?
-7
What is the value of 54 + -45 + (-1 - -8) - -3?
19
Evaluate -3 + 2 + 14 - (669 - 655).
-1
What is (22 - (-11 + 36)) + -13?
-16
(-1 - 6) + 12 + 3
8
(-16 - -13 - -7) + -3
1
6 - (2 - -1 - -15)
-12
Calculate (3 - -9) + -17 + 21 + -12.
4
Evaluate 0 - 7 - (-18 - -23) - 3.
-15
What is the value of -13 - (18 - 17) - (3 + (0 - -1))?
-18
Calculate 3 + (11 - 30 - -10) + 7.
1
What is the value of -5 - (3 - (-6 + -5 + (-6 - -14)))?
-11
Calculate -4 - (3 - 5 - -2) - 16.
-20
What is 5 + -9 + 7 + -5 + -1 + 8?
5
What is 11 - 4 - (-7 - -10 - -7)?
-3
What is the value of (-43 - -61 - (37 - 3)) + 40?
24
What is the value of -9 + 7 + 2 - (11 + -4 - 0)?
-7
Calculate -55 - -65 - (-1 - 1).
12
Calculate -15 + 6 - 2 - (1 - -2).
-14
Evaluate (-21 - -9) + (3 + 14 - 11).
-6
What is 27 - 48 - (-20 + -1)?
0
Calculate -11 - (28 - 12 - 0 - 36).
9
What is the value of (-22 - -18) + 5 + -7 + 3?
-3
(-3 - (-5 + 0) - (17 + -24)) + -2
7
56 + -15 + -15 + -22
4
What is the value of -84 + 90 - ((0 - -1) + -8)?
13
What is the value of (2 - -21) + (-54 - -43) + 4?
16
What is the value of -8 + -27 - 2 - (-11 + 2)?
-28
What is 18 + 12 + -25 - (2 + 3) - 28?
-28
Evaluate 3 + -16 + 24 - 34.
-23
What is the value of 1 - 21 - (2 + -2 + 1 + -3)?
-18
Calculate 2 - (-5 + (7 - 15) - 4).
19
What is 9 + (-2 - (0 + 3))?
4
-9 + 5 + (8 - -9)
13
-19 - -5 - (-8 - -4)
-10
What is (-6 - (-14 - (1 - 14 - -6))) + 7?
8
What is the value of -1 - (-6 + (-5 - -8)) - (17 - 1)?
-14
What is the value of (6 + 2 - 5) + (25 - 0)?
28
Calculate -11 - (-12 + -4 + 9 - 3).
-1
Calculate 15 + -22 + 2 + 2.
-3
What is the value of 0 + (23 + 9 + -14 - 10)?
8
What is the value of -2 + 7 + 0 + -24 + 29?
10
Evaluate 1 - (23 + 5) - (-52 - -48).
-23
What is 2 - (-8 + 4 + -1 - (-9 - 9))?
-11
Calculate -7 - (23 + -22 + 0 + -6 - -10).
-12
-16 + 1 - ((60 - 59) + (-8 - -2))
-10
Calculate 119 + -145 - (27 + -35 + (1 - -3)).
-22
-35 + 46 - 31 - 2
-22
Calculate (-65 - -57) + (-14 - -4).
-18
Calculate -10 + 56 - (2 + 11 + -2).
35
Evaluate -9 + 10 + -1 + -14 + 11.
-3
Calculate 14 + -1 + -31 + -5.
-23
6 + -5 + -13 + (2 - 6)
-16
Calculate -66 + 55 + (42 - 3).
28
What is 31 - (31 - (27 + -30))?
-3
Calculate 5 + (3 - -8) + -9 + 4 + -3.
8
-33 - -48 - (-3 - -15)
3
What is the value of 4 + (1 + 1 - (-2 + 2)) - 9?
-3
Calculate -8 + (52 - 17) + -13.
14
Evaluate -31 - (-35 - -31) - -11.
-16
What is the value of -4 + 34 + 1 + 13 + -17?
27
Evaluate 18 + -14 + 19 + -1.
22
What is the value of 3 + (-8 - -6 - 7) - (3 - -7)?
-16
What is (19 - 11) + -8 + (0 - 3) - 25?
-28
What is 10 + 0 + (-1 - (-9 + 15))?
3
What is the value of 7 - (-29 + 21 - -9)?
6
Evaluate -17 + (4 - -22) - 21.
-12
What is the value of 69 + (-42 - 13) + (-14 - 2)?
-2
What is -11 + (-5 - -6) - (-1 + -2 + 1)?
-8
Calculate (-12 - -10) + 7 + 4 + 1 + -4.
6
What is the value of 39 + -1 - (27 + 36)?
-25
Calculate -14 - -32 - (-3 + 9).
12
What is the value of 2 + (-10 + (1 - 1) - (-659 - -655))?
-4
Calculate (16 - 7 - -3) + -14.
-2
What is (-5 - (-13 + 2)) + 3 + -3 - 17?
-11
(22 - 2) + -38 + (36 - 15)
3
Evaluate -7 - 0 - (10 + -23 + 0 + -7).
13
(-5 - -36 - 8) + -2 + -9
12
Evaluate 6 + 29 + -38 - (2 - 1).
-4
Calculate -12 + 1 + (0 - -4) + (0 - -2).
-5
What is -5 - 0 - (-19 - (-4 + (1 - -1)))?
12
Evaluate -7 + 0 + -15 + (10 - 5).
-17
What is the value of -43 + 1 + (3 - -26)?
-13
-24 - (6 - (42 + -17))
-5
6 + (11 - 35) - 6
-24
(12 - 12) + (3 - 11 - -10)
2
(2 - 0) + (2 - (16 + -23)) + -5
6
What is the value of 1 - -9 - (2 - 3 - -4)?
7
3 + 8 + -3 - (3 - 2) - -3
10
(0 - 1) + -256 + 236
-21
Calculate 3 + 38 + -58 + 38.
21
((18 - (4 + 4)) + -15 - 16) + -9
-30
Evaluate (1 - 8) + (0 - 0 - -9) + -5.
-3
1 + 9 + 1576 + -1605
-19
Evaluate 6 - (-8 + 6 - -8).
0
(11 - 4) + -3 - (1 + -3)
6
What is -10 - (6 + (-8 - -5) + (1 - 0))?
-14
What is -10 - (-19 - (-20 - -12) - 0)?
1
Evaluate -36 + -20 + 44 - (-8 - -2 - 0).
-6
-7 - (41 - 44 - (-2 - 0))
-6
Calculate 11 - 2 - ((1 - 2 - 3) + 15).
-2
7 + (2 - 12) + -11 - 14
-28
1 + (29 + -10 + -7 - 8)
5
-16 + (-11 - (-37 + 7))
3
Evaluate (-15 + (13 - 15) - -9) + 6.
-2
Evaluate 13 + (-30 - -19) + -3 + 4.
3
Evaluate (-2 - -15) + (14 + 15 - 41).
1
What is the value of (0 - (8 - 15)) + -18?
-11
-1 + -14 + 2 + -7 - (4 - -2)
-26
What is 6 + (5 - (4 - 4) - 13) - 7?
-9
Evaluate 28 - (53 + -43 + 0).
18
Calculate 7 - (12 + 0) - -6.
1
What is the value of 2 + 3 + 3 - (-7 + 31 + 3)?
-19
Evaluate -1 + -12 + (22 - -1 - 10).
0
Evaluate (8 + 11 + -19 - (1 + 2)) + 3.
0
((-1 - 3) + -5 + 5 - -11) + 5
12
Calculate 20 + 2 + -4 + -7.
11
Calculate -4 + -1 + 3 + (-22 - -42).
18
What is 9 - -5 - (6 + 0)?
8
(2 - -10) + (199 - 214 - (2 - 10))
5
6 + -8 + 2 - (-3 + 8 - 6)
1
What is -29 - (-25 + 9 + 7 - -9) - -3?
-26
Evaluate 13 + -4 + -5 - (-5 + -1).
10
Evaluate -1 - -22 - (324 + -309 - (12 + 1)).
19
Evaluate -4 + (1 - -5) - (19 + -6 + -3).
-8
Calculate 5 + (-18 + 13 - -16).
16
Calculate 19 - (10 + -22 - -14).
17
-15 + (-12 - (-6 + (10 - 8) - 4))
-19
(11 + -5 - -39) + 20 + -34
31
What is the value of -213 - -212 - (-12 - (-3 - -1))?
9
Calculate -6 - 0 - ((34 - 52) + 48).
-36
What is (-10 - -6) + 2 - (-170 - -153)?
15
4 + (-6 - -13) + -33 - (8 + -5)
-25
-3 + (10 - 1) - 1 - (15 + 0)
-10
What is -27 + (-10 + 10 - (-21 - -13))?
-19
What is -11 + -1 + 9 + 4?
1
What is the value of (27 + -17 - (10 - 2)) + -8?
-6
What is (-1 - (12 + -19)) + -16?
-10
Calculate 3 + 10 + -5 - (24 - 18).
2
(-21 + -1 - -7) + (-3 - -26)
8
What is -19 + -5 + (-2 - -9) + -14?
-31
Calculate -36 + 0 - (1041 - 1090).
13
Evaluate (-1 - 1) + -30 - 1.
-33
What is (-408 - -411) + (-11 + 1 - -2)?
-5
Evaluate 3 + ((2 - -8) + -8 - -8).
13
Calculate -5 - ((37 - 26) + -12 + 1).
-5
What is 1 - (4 - (4 + 